{"id":32420,"date":"2026-01-07T09:26:55","date_gmt":"2026-01-07T08:26:55","guid":{"rendered":"https:\/\/www.caths.cz\/wordpress\/?post_type=tribe_events&#038;p=32420"},"modified":"2026-02-23T16:01:10","modified_gmt":"2026-02-23T15:01:10","slug":"2-kolo-ceske-para-atleticke-ligy-praha","status":"publish","type":"tribe_events","link":"https:\/\/www.caths.cz\/wordpress\/event\/2-kolo-ceske-para-atleticke-ligy-praha\/","title":{"rendered":"2. kolo \u010cesk\u00e9 para atletick\u00e9 ligy, B\u00edlina"},"content":{"rendered":"","protected":false},"excerpt":{"rendered":"<a href=\"https:\/\/www.caths.cz\/wordpress\/event\/2-kolo-ceske-para-atleticke-ligy-praha\/\"><img loading=\"lazy\" decoding=\"async\" width=\"100\" height=\"100\" src=\"https:\/\/www.caths.cz\/wordpress\/wp-content\/plugins\/thumbnail-for-excerpts\/tfe_no_thumb.png\" class=\"alignleft wp-post-image tfe\" alt=\"\" title=\"\" \/><\/a>","protected":false},"author":1,"featured_media":0,"template":"","meta":{"ngg_post_thumbnail":0,"_tribe_events_status":"","_tribe_events_status_reason":"","footnotes":""},"tags":[],"tribe_events_cat":[47],"class_list":["post-32420","tribe_events","type-tribe_events","status-publish","hentry","tribe_events_cat-atletika","cat_atletika"],"_links":{"self":[{"href":"https:\/\/www.caths.cz\/wordpress\/wp-json\/wp\/v2\/tribe_events\/32420","targetHints":{"allow":["GET"]}}],"collection":[{"href":"https:\/\/www.caths.cz\/wordpress\/wp-json\/wp\/v2\/tribe_events"}],"about":[{"href":"https:\/\/www.caths.cz\/wordpress\/wp-json\/wp\/v2\/types\/tribe_events"}],"author":[{"embeddable":true,"href":"https:\/\/www.caths.cz\/wordpress\/wp-json\/wp\/v2\/users\/1"}],"version-history":[{"count":2,"href":"https:\/\/www.caths.cz\/wordpress\/wp-json\/wp\/v2\/tribe_events\/32420\/revisions"}],"predecessor-version":[{"id":32433,"href":"https:\/\/www.caths.cz\/wordpress\/wp-json\/wp\/v2\/tribe_events\/32420\/revisions\/32433"}],"wp:attachment":[{"href":"https:\/\/www.caths.cz\/wordpress\/wp-json\/wp\/v2\/media?parent=32420"}],"wp:term":[{"taxonomy":"post_tag","embeddable":true,"href":"https:\/\/www.caths.cz\/wordpress\/wp-json\/wp\/v2\/tags?post=32420"},{"taxonomy":"tribe_events_cat","embeddable":true,"href":"https:\/\/www.caths.cz\/wordpress\/wp-json\/wp\/v2\/tribe_events_cat?post=32420"}],"curies":[{"name":"wp","href":"https:\/\/api.w.org\/{rel}","templated":true}]}}

2. kolo České para atletické ligy, Bílina
