{"id":32406,"date":"2026-01-06T15:45:03","date_gmt":"2026-01-06T14:45:03","guid":{"rendered":"https:\/\/www.caths.cz\/wordpress\/?post_type=tribe_events&#038;p=32406"},"modified":"2026-01-06T15:48:01","modified_gmt":"2026-01-06T14:48:01","slug":"grand-prix-v-para-atletice-svycarsko","status":"publish","type":"tribe_events","link":"https:\/\/www.caths.cz\/wordpress\/event\/grand-prix-v-para-atletice-svycarsko\/","title":{"rendered":"Grand Prix v para atletice, \u0160v\u00fdcarsko"},"content":{"rendered":"<p>Nottwil 2026 World Para Athletics Grand Prix \u2013 ParAthletics.<\/p>\n<p>18.\u201320. kv\u011btna: Klasifikace<br \/>\n21.\u201323. kv\u011btna: Sout\u011b\u017e<\/p>\n","protected":false},"excerpt":{"rendered":"<a href=\"https:\/\/www.caths.cz\/wordpress\/event\/grand-prix-v-para-atletice-svycarsko\/\"><img loading=\"lazy\" decoding=\"async\" width=\"100\" height=\"100\" src=\"https:\/\/www.caths.cz\/wordpress\/wp-content\/plugins\/thumbnail-for-excerpts\/tfe_no_thumb.png\" class=\"alignleft wp-post-image tfe\" alt=\"\" title=\"\" \/><\/a><p>Nottwil 2026 World Para Athletics Grand Prix \u2013 ParAthletics. 18.\u201320. kv\u011btna: Klasifikace 21.\u201323. kv\u011btna: Sout\u011b\u017e<\/p>\n","protected":false},"author":1,"featured_media":0,"template":"","meta":{"ngg_post_thumbnail":0,"_tribe_events_status":"","_tribe_events_status_reason":"","footnotes":""},"tags":[],"tribe_events_cat":[47],"class_list":["post-32406","tribe_events","type-tribe_events","status-publish","hentry","tribe_events_cat-atletika","cat_atletika"],"_links":{"self":[{"href":"https:\/\/www.caths.cz\/wordpress\/wp-json\/wp\/v2\/tribe_events\/32406","targetHints":{"allow":["GET"]}}],"collection":[{"href":"https:\/\/www.caths.cz\/wordpress\/wp-json\/wp\/v2\/tribe_events"}],"about":[{"href":"https:\/\/www.caths.cz\/wordpress\/wp-json\/wp\/v2\/types\/tribe_events"}],"author":[{"embeddable":true,"href":"https:\/\/www.caths.cz\/wordpress\/wp-json\/wp\/v2\/users\/1"}],"version-history":[{"count":2,"href":"https:\/\/www.caths.cz\/wordpress\/wp-json\/wp\/v2\/tribe_events\/32406\/revisions"}],"predecessor-version":[{"id":32411,"href":"https:\/\/www.caths.cz\/wordpress\/wp-json\/wp\/v2\/tribe_events\/32406\/revisions\/32411"}],"wp:attachment":[{"href":"https:\/\/www.caths.cz\/wordpress\/wp-json\/wp\/v2\/media?parent=32406"}],"wp:term":[{"taxonomy":"post_tag","embeddable":true,"href":"https:\/\/www.caths.cz\/wordpress\/wp-json\/wp\/v2\/tags?post=32406"},{"taxonomy":"tribe_events_cat","embeddable":true,"href":"https:\/\/www.caths.cz\/wordpress\/wp-json\/wp\/v2\/tribe_events_cat?post=32406"}],"curies":[{"name":"wp","href":"https:\/\/api.w.org\/{rel}","templated":true}]}}

Grand Prix v para atletice, Švýcarsko

<p>Nottwil 2026 World Para Athletics Grand Prix – ParAthletics.</p>
<p>18.–20. května: Klasifikace<br />
21.–23. května: Soutěž</p>

<a href="https://www.caths.cz/wordpress/event/grand-prix-v-para-atletice-svycarsko/"><img loading="lazy" decoding="async" width="100" height="100" src="https://www.caths.cz/wordpress/wp-content/plugins/thumbnail-for-excerpts/tfe_no_thumb.png" class="alignleft wp-post-image tfe" alt="" title="" /></a><p>Nottwil 2026 World Para Athletics Grand Prix – ParAthletics. 18.–20. května: Klasifikace 21.–23. května: Soutěž</p>
