{"id":32396,"date":"2026-01-06T15:36:48","date_gmt":"2026-01-06T14:36:48","guid":{"rendered":"https:\/\/www.caths.cz\/wordpress\/?post_type=tribe_events&#038;p=32396"},"modified":"2026-01-06T15:47:12","modified_gmt":"2026-01-06T14:47:12","slug":"grand-prix-v-para-atletice-spojene-arabske-emiraty","status":"publish","type":"tribe_events","link":"https:\/\/www.caths.cz\/wordpress\/event\/grand-prix-v-para-atletice-spojene-arabske-emiraty\/","title":{"rendered":"Grand Prix v para atletice, Spojen\u00e9 arabsk\u00e9 emir\u00e1ty"},"content":{"rendered":"<p>Dubai 2026 World Para Athletics Grand Prix &#8211; 17th Fazza International Para Athletics Championship<\/p>\n<p>6.\u20139. \u00fanora: Klasifikace&nbsp;<br \/>\n10.\u201313. \u00fanora: Sout\u011b\u017e<\/p>\n<p>Kompletn\u00ed propozice <strong><a href=\"https:\/\/www.caths.cz\/wordpress\/wp-content\/uploads\/2026\/01\/Grand-Prix-17th-Fazza_Invitation-1.pdf\" target=\"_blank\" rel=\"noopener\">ZDE<\/a><\/strong>.&nbsp;<\/p>\n","protected":false},"excerpt":{"rendered":"<a href=\"https:\/\/www.caths.cz\/wordpress\/event\/grand-prix-v-para-atletice-spojene-arabske-emiraty\/\"><img loading=\"lazy\" decoding=\"async\" width=\"100\" height=\"100\" src=\"https:\/\/www.caths.cz\/wordpress\/wp-content\/plugins\/thumbnail-for-excerpts\/tfe_no_thumb.png\" class=\"alignleft wp-post-image tfe\" alt=\"\" title=\"\" \/><\/a><p>Dubai 2026 World Para Athletics Grand Prix &#8211; 17th Fazza International Para Athletics Championship 6.\u20139. \u00fanora: Klasifikace&nbsp; 10.\u201313. \u00fanora: Sout\u011b\u017e Kompletn\u00ed propozice ZDE.&nbsp;<\/p>\n","protected":false},"author":1,"featured_media":0,"template":"","meta":{"ngg_post_thumbnail":0,"_tribe_events_status":"","_tribe_events_status_reason":"","footnotes":""},"tags":[],"tribe_events_cat":[47],"class_list":["post-32396","tribe_events","type-tribe_events","status-publish","hentry","tribe_events_cat-atletika","cat_atletika"],"_links":{"self":[{"href":"https:\/\/www.caths.cz\/wordpress\/wp-json\/wp\/v2\/tribe_events\/32396","targetHints":{"allow":["GET"]}}],"collection":[{"href":"https:\/\/www.caths.cz\/wordpress\/wp-json\/wp\/v2\/tribe_events"}],"about":[{"href":"https:\/\/www.caths.cz\/wordpress\/wp-json\/wp\/v2\/types\/tribe_events"}],"author":[{"embeddable":true,"href":"https:\/\/www.caths.cz\/wordpress\/wp-json\/wp\/v2\/users\/1"}],"version-history":[{"count":2,"href":"https:\/\/www.caths.cz\/wordpress\/wp-json\/wp\/v2\/tribe_events\/32396\/revisions"}],"predecessor-version":[{"id":32410,"href":"https:\/\/www.caths.cz\/wordpress\/wp-json\/wp\/v2\/tribe_events\/32396\/revisions\/32410"}],"wp:attachment":[{"href":"https:\/\/www.caths.cz\/wordpress\/wp-json\/wp\/v2\/media?parent=32396"}],"wp:term":[{"taxonomy":"post_tag","embeddable":true,"href":"https:\/\/www.caths.cz\/wordpress\/wp-json\/wp\/v2\/tags?post=32396"},{"taxonomy":"tribe_events_cat","embeddable":true,"href":"https:\/\/www.caths.cz\/wordpress\/wp-json\/wp\/v2\/tribe_events_cat?post=32396"}],"curies":[{"name":"wp","href":"https:\/\/api.w.org\/{rel}","templated":true}]}}

Grand Prix v para atletice, Spojené arabské emiráty

<p>Dubai 2026 World Para Athletics Grand Prix &#8211; 17th Fazza International Para Athletics Championship</p>
<p>6.–9. února: Klasifikace&nbsp;<br />
10.–13. února: Soutěž</p>
<p>Kompletní propozice <strong><a href="https://www.caths.cz/wordpress/wp-content/uploads/2026/01/Grand-Prix-17th-Fazza_Invitation-1.pdf" target="_blank" rel="noopener">ZDE</a></strong>.&nbsp;</p>

<a href="https://www.caths.cz/wordpress/event/grand-prix-v-para-atletice-spojene-arabske-emiraty/"><img loading="lazy" decoding="async" width="100" height="100" src="https://www.caths.cz/wordpress/wp-content/plugins/thumbnail-for-excerpts/tfe_no_thumb.png" class="alignleft wp-post-image tfe" alt="" title="" /></a><p>Dubai 2026 World Para Athletics Grand Prix &#8211; 17th Fazza International Para Athletics Championship 6.–9. února: Klasifikace&nbsp; 10.–13. února: Soutěž Kompletní propozice ZDE.&nbsp;</p>
