{"id":32307,"date":"2025-12-04T15:43:51","date_gmt":"2025-12-04T14:43:51","guid":{"rendered":"https:\/\/www.caths.cz\/wordpress\/?post_type=tribe_events&#038;p=32307"},"modified":"2025-12-04T15:43:51","modified_gmt":"2025-12-04T14:43:51","slug":"vanocni-vrhacsky-mitink-25-rocnik","status":"publish","type":"tribe_events","link":"https:\/\/www.caths.cz\/wordpress\/event\/vanocni-vrhacsky-mitink-25-rocnik\/","title":{"rendered":"V\u00e1no\u010dn\u00ed vrha\u010dsk\u00fd m\u00edtink, 25. ro\u010dn\u00edk"},"content":{"rendered":"<p>Propozice <strong><a href=\"https:\/\/www.caths.cz\/wordpress\/wp-content\/uploads\/2025\/12\/Vanocni-vrhacsky-mitink-2025_propozice.pdf\" target=\"_blank\" rel=\"noopener\">ZDE<\/a><\/strong>.<\/p>\n<p>\u010casov\u00fd program <a href=\"https:\/\/www.caths.cz\/wordpress\/wp-content\/uploads\/2025\/12\/Vanocni-vrhacsky-mitink-2025_casovy-porad.pdf\" target=\"_blank\" rel=\"noopener\"><strong>ZDE<\/strong><\/a>.&nbsp;<\/p>\n","protected":false},"excerpt":{"rendered":"<a href=\"https:\/\/www.caths.cz\/wordpress\/event\/vanocni-vrhacsky-mitink-25-rocnik\/\"><img width=\"100\" height=\"100\" src=\"https:\/\/www.caths.cz\/wordpress\/wp-content\/uploads\/2025\/12\/Plakat-sirka-100x100.jpg\" class=\"alignleft tfe wp-post-image\" alt=\"\" decoding=\"async\" loading=\"lazy\" srcset=\"https:\/\/www.caths.cz\/wordpress\/wp-content\/uploads\/2025\/12\/Plakat-sirka-100x100.jpg 100w, https:\/\/www.caths.cz\/wordpress\/wp-content\/uploads\/2025\/12\/Plakat-sirka-150x150.jpg 150w\" sizes=\"auto, (max-width: 100px) 100vw, 100px\" \/><\/a><p>Propozice ZDE. \u010casov\u00fd program ZDE.&nbsp;<\/p>\n","protected":false},"author":1,"featured_media":32308,"template":"","meta":{"ngg_post_thumbnail":0,"_tribe_events_status":"","_tribe_events_status_reason":"","footnotes":""},"tags":[],"tribe_events_cat":[62],"class_list":["post-32307","tribe_events","type-tribe_events","status-publish","has-post-thumbnail","hentry","tribe_events_cat-akce","cat_akce"],"_links":{"self":[{"href":"https:\/\/www.caths.cz\/wordpress\/wp-json\/wp\/v2\/tribe_events\/32307","targetHints":{"allow":["GET"]}}],"collection":[{"href":"https:\/\/www.caths.cz\/wordpress\/wp-json\/wp\/v2\/tribe_events"}],"about":[{"href":"https:\/\/www.caths.cz\/wordpress\/wp-json\/wp\/v2\/types\/tribe_events"}],"author":[{"embeddable":true,"href":"https:\/\/www.caths.cz\/wordpress\/wp-json\/wp\/v2\/users\/1"}],"version-history":[{"count":1,"href":"https:\/\/www.caths.cz\/wordpress\/wp-json\/wp\/v2\/tribe_events\/32307\/revisions"}],"predecessor-version":[{"id":32312,"href":"https:\/\/www.caths.cz\/wordpress\/wp-json\/wp\/v2\/tribe_events\/32307\/revisions\/32312"}],"wp:featuredmedia":[{"embeddable":true,"href":"https:\/\/www.caths.cz\/wordpress\/wp-json\/wp\/v2\/media\/32308"}],"wp:attachment":[{"href":"https:\/\/www.caths.cz\/wordpress\/wp-json\/wp\/v2\/media?parent=32307"}],"wp:term":[{"taxonomy":"post_tag","embeddable":true,"href":"https:\/\/www.caths.cz\/wordpress\/wp-json\/wp\/v2\/tags?post=32307"},{"taxonomy":"tribe_events_cat","embeddable":true,"href":"https:\/\/www.caths.cz\/wordpress\/wp-json\/wp\/v2\/tribe_events_cat?post=32307"}],"curies":[{"name":"wp","href":"https:\/\/api.w.org\/{rel}","templated":true}]}}

Vánoční vrhačský mítink, 25. ročník

<p>Propozice <strong><a href="https://www.caths.cz/wordpress/wp-content/uploads/2025/12/Vanocni-vrhacsky-mitink-2025_propozice.pdf" target="_blank" rel="noopener">ZDE</a></strong>.</p>
<p>Časový program <a href="https://www.caths.cz/wordpress/wp-content/uploads/2025/12/Vanocni-vrhacsky-mitink-2025_casovy-porad.pdf" target="_blank" rel="noopener"><strong>ZDE</strong></a>.&nbsp;</p>

<a href="https://www.caths.cz/wordpress/event/vanocni-vrhacsky-mitink-25-rocnik/"><img width="100" height="100" src="https://www.caths.cz/wordpress/wp-content/uploads/2025/12/Plakat-sirka-100x100.jpg" class="alignleft tfe wp-post-image" alt="" decoding="async" loading="lazy" srcset="https://www.caths.cz/wordpress/wp-content/uploads/2025/12/Plakat-sirka-100x100.jpg 100w, https://www.caths.cz/wordpress/wp-content/uploads/2025/12/Plakat-sirka-150x150.jpg 150w" sizes="auto, (max-width: 100px) 100vw, 100px" /></a><p>Propozice ZDE. Časový program ZDE.&nbsp;</p>
