{"id":31630,"date":"2025-03-27T14:17:51","date_gmt":"2025-03-27T13:17:51","guid":{"rendered":"https:\/\/www.caths.cz\/wordpress\/?post_type=tribe_events&#038;p=31630"},"modified":"2025-03-27T14:17:51","modified_gmt":"2025-03-27T13:17:51","slug":"jarni-para-atletika-2025","status":"publish","type":"tribe_events","link":"https:\/\/www.caths.cz\/wordpress\/event\/jarni-para-atletika-2025\/","title":{"rendered":"Jarn\u00ed para atletika 2025"},"content":{"rendered":"<p>Stadi\u00f3n \u010cestm\u00edra Dudy<br \/>\nned\u011ble 11. kv\u011btna 2025<\/p>\n<p>Kompletn\u00ed propozice <strong><a href=\"https:\/\/www.caths.cz\/wordpress\/wp-content\/uploads\/2025\/03\/250511_PRO_JPA.pdf\" target=\"_blank\" rel=\"noopener\">ZDE<\/a><\/strong>.<\/p>\n<p>P\u0159ihl\u00e1\u0161ka ke sta\u017een\u00ed <strong><a href=\"https:\/\/www.caths.cz\/wordpress\/wp-content\/uploads\/2025\/03\/250511_PRO_JPA.pdf\" target=\"_blank\" rel=\"noopener\">ZDE<\/a><\/strong>.<\/p>\n","protected":false},"excerpt":{"rendered":"<a href=\"https:\/\/www.caths.cz\/wordpress\/event\/jarni-para-atletika-2025\/\"><img loading=\"lazy\" decoding=\"async\" width=\"100\" height=\"100\" src=\"https:\/\/www.caths.cz\/wordpress\/wp-content\/plugins\/thumbnail-for-excerpts\/tfe_no_thumb.png\" class=\"alignleft wp-post-image tfe\" alt=\"\" title=\"\" \/><\/a><p>Stadi\u00f3n \u010cestm\u00edra Dudy ned\u011ble 11. kv\u011btna 2025 Kompletn\u00ed propozice ZDE. P\u0159ihl\u00e1\u0161ka ke sta\u017een\u00ed ZDE.<\/p>\n","protected":false},"author":1,"featured_media":0,"template":"","meta":{"ngg_post_thumbnail":0,"_tribe_events_status":"","_tribe_events_status_reason":"","footnotes":""},"tags":[],"tribe_events_cat":[47],"class_list":["post-31630","tribe_events","type-tribe_events","status-publish","hentry","tribe_events_cat-atletika","cat_atletika"],"_links":{"self":[{"href":"https:\/\/www.caths.cz\/wordpress\/wp-json\/wp\/v2\/tribe_events\/31630","targetHints":{"allow":["GET"]}}],"collection":[{"href":"https:\/\/www.caths.cz\/wordpress\/wp-json\/wp\/v2\/tribe_events"}],"about":[{"href":"https:\/\/www.caths.cz\/wordpress\/wp-json\/wp\/v2\/types\/tribe_events"}],"author":[{"embeddable":true,"href":"https:\/\/www.caths.cz\/wordpress\/wp-json\/wp\/v2\/users\/1"}],"version-history":[{"count":1,"href":"https:\/\/www.caths.cz\/wordpress\/wp-json\/wp\/v2\/tribe_events\/31630\/revisions"}],"predecessor-version":[{"id":31633,"href":"https:\/\/www.caths.cz\/wordpress\/wp-json\/wp\/v2\/tribe_events\/31630\/revisions\/31633"}],"wp:attachment":[{"href":"https:\/\/www.caths.cz\/wordpress\/wp-json\/wp\/v2\/media?parent=31630"}],"wp:term":[{"taxonomy":"post_tag","embeddable":true,"href":"https:\/\/www.caths.cz\/wordpress\/wp-json\/wp\/v2\/tags?post=31630"},{"taxonomy":"tribe_events_cat","embeddable":true,"href":"https:\/\/www.caths.cz\/wordpress\/wp-json\/wp\/v2\/tribe_events_cat?post=31630"}],"curies":[{"name":"wp","href":"https:\/\/api.w.org\/{rel}","templated":true}]}}

Jarní para atletika 2025

<p>Stadión Čestmíra Dudy<br />
neděle 11. května 2025</p>
<p>Kompletní propozice <strong><a href="https://www.caths.cz/wordpress/wp-content/uploads/2025/03/250511_PRO_JPA.pdf" target="_blank" rel="noopener">ZDE</a></strong>.</p>
<p>Přihláška ke stažení <strong><a href="https://www.caths.cz/wordpress/wp-content/uploads/2025/03/250511_PRO_JPA.pdf" target="_blank" rel="noopener">ZDE</a></strong>.</p>

<a href="https://www.caths.cz/wordpress/event/jarni-para-atletika-2025/"><img loading="lazy" decoding="async" width="100" height="100" src="https://www.caths.cz/wordpress/wp-content/plugins/thumbnail-for-excerpts/tfe_no_thumb.png" class="alignleft wp-post-image tfe" alt="" title="" /></a><p>Stadión Čestmíra Dudy neděle 11. května 2025 Kompletní propozice ZDE. Přihláška ke stažení ZDE.</p>
