{"id":31538,"date":"2025-01-23T10:37:44","date_gmt":"2025-01-23T09:37:44","guid":{"rendered":"https:\/\/www.caths.cz\/wordpress\/?post_type=tribe_events&#038;p=31538"},"modified":"2025-09-15T10:06:18","modified_gmt":"2025-09-15T09:06:18","slug":"4-kolo-ceske-para-atleticke-ligy","status":"publish","type":"tribe_events","link":"https:\/\/www.caths.cz\/wordpress\/event\/4-kolo-ceske-para-atleticke-ligy\/","title":{"rendered":"4. kolo \u010cesk\u00e9 para atletick\u00e9 ligy"},"content":{"rendered":"<p>4. kolo \u010cPaL \u2013&nbsp;<strong>28. \u0159\u00edjna 2025, Ostrava<\/strong><\/p>\n","protected":false},"excerpt":{"rendered":"<a href=\"https:\/\/www.caths.cz\/wordpress\/event\/4-kolo-ceske-para-atleticke-ligy\/\"><img loading=\"lazy\" decoding=\"async\" width=\"100\" height=\"100\" src=\"https:\/\/www.caths.cz\/wordpress\/wp-content\/plugins\/thumbnail-for-excerpts\/tfe_no_thumb.png\" class=\"alignleft wp-post-image tfe\" alt=\"\" title=\"\" \/><\/a><p>4. kolo \u010cPaL \u2013&nbsp;28. \u0159\u00edjna 2025, Ostrava<\/p>\n","protected":false},"author":1,"featured_media":0,"template":"","meta":{"ngg_post_thumbnail":0,"_tribe_events_status":"","_tribe_events_status_reason":"","footnotes":""},"tags":[],"tribe_events_cat":[47],"class_list":["post-31538","tribe_events","type-tribe_events","status-publish","hentry","tribe_events_cat-atletika","cat_atletika"],"_links":{"self":[{"href":"https:\/\/www.caths.cz\/wordpress\/wp-json\/wp\/v2\/tribe_events\/31538","targetHints":{"allow":["GET"]}}],"collection":[{"href":"https:\/\/www.caths.cz\/wordpress\/wp-json\/wp\/v2\/tribe_events"}],"about":[{"href":"https:\/\/www.caths.cz\/wordpress\/wp-json\/wp\/v2\/types\/tribe_events"}],"author":[{"embeddable":true,"href":"https:\/\/www.caths.cz\/wordpress\/wp-json\/wp\/v2\/users\/1"}],"version-history":[{"count":2,"href":"https:\/\/www.caths.cz\/wordpress\/wp-json\/wp\/v2\/tribe_events\/31538\/revisions"}],"predecessor-version":[{"id":31988,"href":"https:\/\/www.caths.cz\/wordpress\/wp-json\/wp\/v2\/tribe_events\/31538\/revisions\/31988"}],"wp:attachment":[{"href":"https:\/\/www.caths.cz\/wordpress\/wp-json\/wp\/v2\/media?parent=31538"}],"wp:term":[{"taxonomy":"post_tag","embeddable":true,"href":"https:\/\/www.caths.cz\/wordpress\/wp-json\/wp\/v2\/tags?post=31538"},{"taxonomy":"tribe_events_cat","embeddable":true,"href":"https:\/\/www.caths.cz\/wordpress\/wp-json\/wp\/v2\/tribe_events_cat?post=31538"}],"curies":[{"name":"wp","href":"https:\/\/api.w.org\/{rel}","templated":true}]}}

4. kolo České para atletické ligy

<p>4. kolo ČPaL –&nbsp;<strong>28. října 2025, Ostrava</strong></p>

<a href="https://www.caths.cz/wordpress/event/4-kolo-ceske-para-atleticke-ligy/"><img loading="lazy" decoding="async" width="100" height="100" src="https://www.caths.cz/wordpress/wp-content/plugins/thumbnail-for-excerpts/tfe_no_thumb.png" class="alignleft wp-post-image tfe" alt="" title="" /></a><p>4. kolo ČPaL –&nbsp;28. října 2025, Ostrava</p>
