{"id":31450,"date":"2025-01-13T11:11:06","date_gmt":"2025-01-13T10:11:06","guid":{"rendered":"https:\/\/www.caths.cz\/wordpress\/?post_type=tribe_events&#038;p=31450"},"modified":"2025-01-13T11:11:06","modified_gmt":"2025-01-13T10:11:06","slug":"8-iaads-otevrene-mistrovstvi-evropy-v-atletice-sportovcu-s-downovym-syndromem","status":"publish","type":"tribe_events","link":"https:\/\/www.caths.cz\/wordpress\/event\/8-iaads-otevrene-mistrovstvi-evropy-v-atletice-sportovcu-s-downovym-syndromem\/","title":{"rendered":"8. IAADS otev\u0159en\u00e9 mistrovstv\u00ed Evropy v atletice sportovc\u016f s Downov\u00fdm syndromem"},"content":{"rendered":"","protected":false},"excerpt":{"rendered":"<a href=\"https:\/\/www.caths.cz\/wordpress\/event\/8-iaads-otevrene-mistrovstvi-evropy-v-atletice-sportovcu-s-downovym-syndromem\/\"><img loading=\"lazy\" decoding=\"async\" width=\"100\" height=\"100\" src=\"https:\/\/www.caths.cz\/wordpress\/wp-content\/plugins\/thumbnail-for-excerpts\/tfe_no_thumb.png\" class=\"alignleft wp-post-image tfe\" alt=\"\" title=\"\" \/><\/a>","protected":false},"author":1,"featured_media":0,"template":"","meta":{"ngg_post_thumbnail":0,"_tribe_events_status":"","_tribe_events_status_reason":"","footnotes":""},"tags":[],"tribe_events_cat":[47],"class_list":["post-31450","tribe_events","type-tribe_events","status-publish","hentry","tribe_events_cat-atletika","cat_atletika"],"_links":{"self":[{"href":"https:\/\/www.caths.cz\/wordpress\/wp-json\/wp\/v2\/tribe_events\/31450","targetHints":{"allow":["GET"]}}],"collection":[{"href":"https:\/\/www.caths.cz\/wordpress\/wp-json\/wp\/v2\/tribe_events"}],"about":[{"href":"https:\/\/www.caths.cz\/wordpress\/wp-json\/wp\/v2\/types\/tribe_events"}],"author":[{"embeddable":true,"href":"https:\/\/www.caths.cz\/wordpress\/wp-json\/wp\/v2\/users\/1"}],"version-history":[{"count":1,"href":"https:\/\/www.caths.cz\/wordpress\/wp-json\/wp\/v2\/tribe_events\/31450\/revisions"}],"predecessor-version":[{"id":31451,"href":"https:\/\/www.caths.cz\/wordpress\/wp-json\/wp\/v2\/tribe_events\/31450\/revisions\/31451"}],"wp:attachment":[{"href":"https:\/\/www.caths.cz\/wordpress\/wp-json\/wp\/v2\/media?parent=31450"}],"wp:term":[{"taxonomy":"post_tag","embeddable":true,"href":"https:\/\/www.caths.cz\/wordpress\/wp-json\/wp\/v2\/tags?post=31450"},{"taxonomy":"tribe_events_cat","embeddable":true,"href":"https:\/\/www.caths.cz\/wordpress\/wp-json\/wp\/v2\/tribe_events_cat?post=31450"}],"curies":[{"name":"wp","href":"https:\/\/api.w.org\/{rel}","templated":true}]}}

8. IAADS otevřené mistrovství Evropy v atletice sportovců s Downovým syndromem
