{"id":25348,"date":"2018-02-02T06:48:16","date_gmt":"2018-02-02T05:48:16","guid":{"rendered":"http:\/\/www.caths.cz\/wordpress\/?post_type=tribe_events&#038;p=25348"},"modified":"2018-02-02T06:48:16","modified_gmt":"2018-02-02T05:48:16","slug":"stredoevropsky-pohar-v-basketbalu-na-voziku-3","status":"publish","type":"tribe_events","link":"https:\/\/www.caths.cz\/wordpress\/event\/stredoevropsky-pohar-v-basketbalu-na-voziku-3\/","title":{"rendered":"St\u0159edoevropsk\u00fd poh\u00e1r v basketbalu na voz\u00edku"},"content":{"rendered":"<p>09.00 &#8211; Kielce x Konin, 11.00 &#8211; Hungary x Pardubice, 13.00 &#8211; Konin x Pardubice, 15.00 &#8211; Hungary x Kielce<\/p>\n<p>09.00 &#8211; Konin x Hungary, 11.00 &#8211; Kielce x Pardubice<\/p>\n","protected":false},"excerpt":{"rendered":"<a href=\"https:\/\/www.caths.cz\/wordpress\/event\/stredoevropsky-pohar-v-basketbalu-na-voziku-3\/\"><img loading=\"lazy\" decoding=\"async\" width=\"100\" height=\"100\" src=\"https:\/\/www.caths.cz\/wordpress\/wp-content\/plugins\/thumbnail-for-excerpts\/tfe_no_thumb.png\" class=\"alignleft wp-post-image tfe\" alt=\"\" title=\"\" \/><\/a><p>09.00 &#8211; Kielce x Konin, 11.00 &#8211; Hungary x Pardubice, 13.00 &#8211; Konin x Pardubice, 15.00 &#8211; Hungary x Kielce 09.00 &#8211; Konin x Hungary, 11.00 &#8211; Kielce x Pardubice<\/p>\n","protected":false},"author":1,"featured_media":0,"template":"","meta":{"ngg_post_thumbnail":0,"_tribe_events_status":"","_tribe_events_status_reason":"","footnotes":""},"tags":[],"tribe_events_cat":[69],"class_list":["post-25348","tribe_events","type-tribe_events","status-publish","hentry","tribe_events_cat-basketbal-vozickaru","cat_basketbal-vozickaru"],"_links":{"self":[{"href":"https:\/\/www.caths.cz\/wordpress\/wp-json\/wp\/v2\/tribe_events\/25348","targetHints":{"allow":["GET"]}}],"collection":[{"href":"https:\/\/www.caths.cz\/wordpress\/wp-json\/wp\/v2\/tribe_events"}],"about":[{"href":"https:\/\/www.caths.cz\/wordpress\/wp-json\/wp\/v2\/types\/tribe_events"}],"author":[{"embeddable":true,"href":"https:\/\/www.caths.cz\/wordpress\/wp-json\/wp\/v2\/users\/1"}],"version-history":[{"count":0,"href":"https:\/\/www.caths.cz\/wordpress\/wp-json\/wp\/v2\/tribe_events\/25348\/revisions"}],"wp:attachment":[{"href":"https:\/\/www.caths.cz\/wordpress\/wp-json\/wp\/v2\/media?parent=25348"}],"wp:term":[{"taxonomy":"post_tag","embeddable":true,"href":"https:\/\/www.caths.cz\/wordpress\/wp-json\/wp\/v2\/tags?post=25348"},{"taxonomy":"tribe_events_cat","embeddable":true,"href":"https:\/\/www.caths.cz\/wordpress\/wp-json\/wp\/v2\/tribe_events_cat?post=25348"}],"curies":[{"name":"wp","href":"https:\/\/api.w.org\/{rel}","templated":true}]}}

Středoevropský pohár v basketbalu na vozíku
