{"id":23832,"date":"2016-10-27T10:48:05","date_gmt":"2016-10-27T09:48:05","guid":{"rendered":"http:\/\/www.caths.cz\/wordpress\/?post_type=tribe_events&#038;p=23832"},"modified":"2016-10-27T10:48:05","modified_gmt":"2016-10-27T09:48:05","slug":"3-kolo-stredoevropskeho-poharu-basketbalistu-brno","status":"publish","type":"tribe_events","link":"https:\/\/www.caths.cz\/wordpress\/event\/3-kolo-stredoevropskeho-poharu-basketbalistu-brno\/","title":{"rendered":"3. kolo St\u0159edoevropsk\u00e9ho poh\u00e1ru basketbalist\u016f &#8211; Brno"},"content":{"rendered":"<div>\n<p>09.00 &#8211; Brno x Kielce<\/p>\n<\/div>\n<div>\n<p>11.00 &#8211; Hungary x Konin<\/p>\n<\/div>\n<div>\n<p>13.00 &#8211; Konin x Brno<\/p>\n<\/div>\n<div>\n<p>15.00 &#8211; Kielce x Hungary<\/p>\n<\/div>\n<div>\n<p>09.00 &#8211; Konin x Kielce<\/p>\n<\/div>\n<div>\n<p>11.00 &#8211; Hungary x Brno<\/p>\n<\/div>\n","protected":false},"excerpt":{"rendered":"<a href=\"https:\/\/www.caths.cz\/wordpress\/event\/3-kolo-stredoevropskeho-poharu-basketbalistu-brno\/\"><img loading=\"lazy\" decoding=\"async\" width=\"100\" height=\"100\" src=\"https:\/\/www.caths.cz\/wordpress\/wp-content\/plugins\/thumbnail-for-excerpts\/tfe_no_thumb.png\" class=\"alignleft wp-post-image tfe\" alt=\"\" title=\"\" \/><\/a><p>09.00 &#8211; Brno x Kielce 11.00 &#8211; Hungary x Konin 13.00 &#8211; Konin x Brno 15.00 &#8211; Kielce x Hungary 09.00 &#8211; Konin x Kielce 11.00 &#8211; Hungary x Brno<\/p>\n","protected":false},"author":1,"featured_media":0,"template":"","meta":{"ngg_post_thumbnail":0,"_tribe_events_status":"","_tribe_events_status_reason":"","footnotes":""},"tags":[],"tribe_events_cat":[69],"class_list":["post-23832","tribe_events","type-tribe_events","status-publish","hentry","tribe_events_cat-basketbal-vozickaru","cat_basketbal-vozickaru"],"_links":{"self":[{"href":"https:\/\/www.caths.cz\/wordpress\/wp-json\/wp\/v2\/tribe_events\/23832","targetHints":{"allow":["GET"]}}],"collection":[{"href":"https:\/\/www.caths.cz\/wordpress\/wp-json\/wp\/v2\/tribe_events"}],"about":[{"href":"https:\/\/www.caths.cz\/wordpress\/wp-json\/wp\/v2\/types\/tribe_events"}],"author":[{"embeddable":true,"href":"https:\/\/www.caths.cz\/wordpress\/wp-json\/wp\/v2\/users\/1"}],"version-history":[{"count":0,"href":"https:\/\/www.caths.cz\/wordpress\/wp-json\/wp\/v2\/tribe_events\/23832\/revisions"}],"wp:attachment":[{"href":"https:\/\/www.caths.cz\/wordpress\/wp-json\/wp\/v2\/media?parent=23832"}],"wp:term":[{"taxonomy":"post_tag","embeddable":true,"href":"https:\/\/www.caths.cz\/wordpress\/wp-json\/wp\/v2\/tags?post=23832"},{"taxonomy":"tribe_events_cat","embeddable":true,"href":"https:\/\/www.caths.cz\/wordpress\/wp-json\/wp\/v2\/tribe_events_cat?post=23832"}],"curies":[{"name":"wp","href":"https:\/\/api.w.org\/{rel}","templated":true}]}}

3. kolo Středoevropského poháru basketbalistů &#8211; Brno
