{"id":23830,"date":"2016-10-27T07:40:34","date_gmt":"2016-10-27T06:40:34","guid":{"rendered":"http:\/\/www.caths.cz\/wordpress\/?post_type=tribe_events&#038;p=23830"},"modified":"2016-10-27T10:46:22","modified_gmt":"2016-10-27T09:46:22","slug":"2-kolo-stredoevropskeho-poharu-konin-pl","status":"publish","type":"tribe_events","link":"https:\/\/www.caths.cz\/wordpress\/event\/2-kolo-stredoevropskeho-poharu-konin-pl\/","title":{"rendered":"2. kolo St\u0159edoevropsk\u00e9ho poh\u00e1ru basketbalist\u016f  &#8211; Konin (PL)"},"content":{"rendered":"<div>\n<p>09.00 &#8211; Konin x Kielce<\/p>\n<\/div>\n<div>\n<p>11.00 &#8211; Brno x Pardubice<\/p>\n<\/div>\n<div>\n<p>13.00 &#8211; Konin x Brno<\/p>\n<\/div>\n<div>\n<p>15.00 &#8211; Pardubice x Kielce<\/p>\n<\/div>\n<div>\n<p>\u00a009.00 &#8211; Brno x Kielce<\/p>\n<\/div>\n<div>\n<p>11.00 &#8211; Pardubice x Konin<\/p>\n<\/div>\n","protected":false},"excerpt":{"rendered":"<a href=\"https:\/\/www.caths.cz\/wordpress\/event\/2-kolo-stredoevropskeho-poharu-konin-pl\/\"><img loading=\"lazy\" decoding=\"async\" width=\"100\" height=\"100\" src=\"https:\/\/www.caths.cz\/wordpress\/wp-content\/plugins\/thumbnail-for-excerpts\/tfe_no_thumb.png\" class=\"alignleft wp-post-image tfe\" alt=\"\" title=\"\" \/><\/a><p>09.00 &#8211; Konin x Kielce 11.00 &#8211; Brno x Pardubice 13.00 &#8211; Konin x Brno 15.00 &#8211; Pardubice x Kielce \u00a009.00 &#8211; Brno x Kielce 11.00 &#8211; Pardubice x Konin<\/p>\n","protected":false},"author":1,"featured_media":0,"template":"","meta":{"ngg_post_thumbnail":0,"_tribe_events_status":"","_tribe_events_status_reason":"","footnotes":""},"tags":[],"tribe_events_cat":[69],"class_list":["post-23830","tribe_events","type-tribe_events","status-publish","hentry","tribe_events_cat-basketbal-vozickaru","cat_basketbal-vozickaru"],"_links":{"self":[{"href":"https:\/\/www.caths.cz\/wordpress\/wp-json\/wp\/v2\/tribe_events\/23830","targetHints":{"allow":["GET"]}}],"collection":[{"href":"https:\/\/www.caths.cz\/wordpress\/wp-json\/wp\/v2\/tribe_events"}],"about":[{"href":"https:\/\/www.caths.cz\/wordpress\/wp-json\/wp\/v2\/types\/tribe_events"}],"author":[{"embeddable":true,"href":"https:\/\/www.caths.cz\/wordpress\/wp-json\/wp\/v2\/users\/1"}],"version-history":[{"count":0,"href":"https:\/\/www.caths.cz\/wordpress\/wp-json\/wp\/v2\/tribe_events\/23830\/revisions"}],"wp:attachment":[{"href":"https:\/\/www.caths.cz\/wordpress\/wp-json\/wp\/v2\/media?parent=23830"}],"wp:term":[{"taxonomy":"post_tag","embeddable":true,"href":"https:\/\/www.caths.cz\/wordpress\/wp-json\/wp\/v2\/tags?post=23830"},{"taxonomy":"tribe_events_cat","embeddable":true,"href":"https:\/\/www.caths.cz\/wordpress\/wp-json\/wp\/v2\/tribe_events_cat?post=23830"}],"curies":[{"name":"wp","href":"https:\/\/api.w.org\/{rel}","templated":true}]}}

2. kolo Středoevropského poháru basketbalistů  &#8211; Konin (PL)
