{"id":2920,"date":"2014-12-23T18:46:09","date_gmt":"2014-12-23T17:46:09","guid":{"rendered":"http:\/\/www.caths.cz\/wordpress\/?page_id=2920"},"modified":"2024-12-16T13:30:57","modified_gmt":"2024-12-16T12:30:57","slug":"zaciname","status":"publish","type":"page","link":"https:\/\/www.caths.cz\/wordpress\/zaciname\/","title":{"rendered":"Za\u010d\u00edn\u00e1me"},"content":{"rendered":"<p><strong>Chcete za\u010d\u00edt sportovat a nev\u00edte, jak\u00fd sport by pro v\u00e1s byl, vzhledem k&nbsp;va\u0161emu posti\u017een\u00ed, vhodn\u00fd? Nev\u00edte na koho se m\u00e1te obr\u00e1tit? R\u00e1di v\u00e1m pom\u016f\u017eeme!<\/strong><\/p>\n<p>Nev\u00e1hejte n\u00e1s kontaktovat: <a href=\"mailto:caths@caths.cz\">caths@caths.cz<\/a><\/p>\n<p><strong>Sportujete a chcete se va\u0161emu sportu v\u011bnovat v\u00fdkonnostn\u011b?<br \/>\n<\/strong><strong>Kontaktujte pros\u00edm odborn\u00edky na p\u0159\u00edslu\u0161n\u00fd sport:<\/strong><\/p>\n<div align=\"left\">\n<ul>\n<li><strong>ATLETIKA:<\/strong> Mgr. Eva Kacanu <a href=\"mailto:evakacanu@seznam.cz\">evakacanu@seznam.cz<\/a><\/li>\n<li><strong>BASKETBAL NA VOZ\u00cdKU<\/strong>:&nbsp;Jaroslav Menc&nbsp;<a href=\"mailto:jarda.menc@gmail.com\">jarda.menc@gmail.com<\/a><\/li>\n<li><strong>CURLING:<\/strong> Tom\u00e1\u0161 Kvoch <a href=\"mailto:TomasKvoch@seznam.cz\">TomasKvoch@seznam.cz<\/a><\/li>\n<li><strong>CYKLISTIKA:<\/strong> Mgr. Viktor Zapletal <a href=\"mailto:zapletal.vik@gmail.com\">zapletal.vik@gmail.com<\/a><\/li>\n<li><strong>GOLF:<\/strong> <a href=\"http:\/\/www.amsa-2002.cz\/\" target=\"_blank\" rel=\"noopener noreferrer\">www.amsa-2002.cz<\/a><\/li>\n<li><strong>HANDBIKE:<\/strong> Mgr. Viktor Zapletal <a href=\"mailto:zapletal.vik@gmail.com\">zapletal.vik@gmail.com<\/a><\/li>\n<li><strong>JACHTING:<\/strong> Alexander Sad\u00edlek <a href=\"mailto:alexander.sadilek@seznam.cz\">alexander.sadilek@seznam.cz<\/a>, Daniel B\u00edna <a href=\"mailto:dabicek@gmail.com\">dabicek@gmail.com<\/a><\/li>\n<li><strong>JEZDECTV\u00cd:<\/strong> Josef Dudek <a href=\"mailto:ranc@detskyranc.info\">ranc@detskyranc.info<\/a><\/li>\n<li><strong>LEDN\u00cd HOKEJ:<\/strong> Miroslav Kluc <a href=\"mailto:kluc@cmail.cz\">kluc@cmail.cz<\/a><\/li>\n<li><strong>LUKOST\u0158ELBA:<\/strong> Jan Proch\u00e1zka <a href=\"mailto:jenpro@volny.cz\">jenpro@volny.cz<\/a>, Ing. Vladim\u00edr \u010c\u00e1p <a href=\"mailto:capv@upcmail.cz\">capv@upcmail.cz<\/a><\/li>\n<li><strong>LY\u017dOV\u00c1N\u00cd SJEZDOV\u00c9:<\/strong> Mgr. Petra Syrov\u00e1tkov\u00e1 <a href=\"mailto:petulap@seznam.cz\">petulap@seznam.cz<\/a><\/li>\n<li><strong>PLAV\u00c1N\u00cd:<\/strong> Andrea V\u011bnsekov\u00e1 <a href=\"mailto:vensekova.andrea@seznam.cz\">vensekova.andrea@seznam.cz<\/a><\/li>\n<li><strong>STOLN\u00cd TENIS:<\/strong> Zbyn\u011bk Lambert (kategorie stoj\u00edc\u00edch)<a href=\"mailto:alambert@volny.cz\">alambert@volny.cz<\/a>, Ladislav Havel (kategorie sed\u00edc\u00edch)<a href=\"mailto:pinces@atlas.cz\">pinces@atlas.cz<\/a><\/li>\n<li><strong>ST\u0158ELBA:<\/strong> Vladim\u00edr Mar\u010dan <a href=\"mailto:v.marcan@email.cz\">v.marcan@email.cz<\/a><\/li>\n<li><strong>TRIATLON VOZ\u00cd\u010cK\u00c1\u0158\u016e:<\/strong> Mgr. Viktor Zapletal <a href=\"mailto:zapletal.vik@gmail.com\">zapletal.vik@gmail.com<\/a><\/li>\n<li><strong>VZP\u00cdR\u00c1N\u00cd:<\/strong> Ji\u0159\u00ed Sm\u00e9kal <a href=\"mailto:czpcb@volny.cz\">czpcb@volny.cz<\/a><\/li>\n<li><strong>SPORTOVN\u00cd TR\u00c9NINK TP:<\/strong> Mgr. Rostislav \u010cicho\u0148, Phd. <a href=\"mailto:cichon@centrum.cz\">cichon@centrum.cz<\/a><\/li>\n<li><strong>SPORTOVN\u00cd V\u00dd\u017dIVA:<\/strong> <a href=\"http:\/\/www.nutrend.cz\/\" target=\"_blank\" rel=\"noopener noreferrer\">www.nutrend.cz<\/a><\/li>\n<\/ul>\n<\/div>\n","protected":false},"excerpt":{"rendered":"<a href=\"https:\/\/www.caths.cz\/wordpress\/zaciname\/\"><img loading=\"lazy\" decoding=\"async\" width=\"100\" height=\"100\" src=\"https:\/\/www.caths.cz\/wordpress\/wp-content\/plugins\/thumbnail-for-excerpts\/tfe_no_thumb.png\" class=\"alignleft wp-post-image tfe\" alt=\"\" title=\"\" \/><\/a><p>Chcete za\u010d\u00edt sportovat a nev\u00edte, jak\u00fd sport by pro v\u00e1s byl, vzhledem k&nbsp;va\u0161emu posti\u017een\u00ed, vhodn\u00fd? Nev\u00edte na koho se m\u00e1te obr\u00e1tit? R\u00e1di v\u00e1m pom\u016f\u017eeme! Nev\u00e1hejte n\u00e1s kontaktovat: caths@caths.cz Sportujete a [&hellip;]<\/p>\n","protected":false},"author":1,"featured_media":0,"parent":0,"menu_order":6,"comment_status":"closed","ping_status":"closed","template":"","meta":{"ngg_post_thumbnail":0,"footnotes":""},"class_list":["post-2920","page","type-page","status-publish","hentry"],"_links":{"self":[{"href":"https:\/\/www.caths.cz\/wordpress\/wp-json\/wp\/v2\/pages\/2920","targetHints":{"allow":["GET"]}}],"collection":[{"href":"https:\/\/www.caths.cz\/wordpress\/wp-json\/wp\/v2\/pages"}],"about":[{"href":"https:\/\/www.caths.cz\/wordpress\/wp-json\/wp\/v2\/types\/page"}],"author":[{"embeddable":true,"href":"https:\/\/www.caths.cz\/wordpress\/wp-json\/wp\/v2\/users\/1"}],"replies":[{"embeddable":true,"href":"https:\/\/www.caths.cz\/wordpress\/wp-json\/wp\/v2\/comments?post=2920"}],"version-history":[{"count":6,"href":"https:\/\/www.caths.cz\/wordpress\/wp-json\/wp\/v2\/pages\/2920\/revisions"}],"predecessor-version":[{"id":31385,"href":"https:\/\/www.caths.cz\/wordpress\/wp-json\/wp\/v2\/pages\/2920\/revisions\/31385"}],"wp:attachment":[{"href":"https:\/\/www.caths.cz\/wordpress\/wp-json\/wp\/v2\/media?parent=2920"}],"curies":[{"name":"wp","href":"https:\/\/api.w.org\/{rel}","templated":true}]}}