{"id":28170,"date":"2020-03-23T09:05:06","date_gmt":"2020-03-23T08:05:06","guid":{"rendered":"http:\/\/www.caths.cz\/wordpress\/?page_id=28170"},"modified":"2026-01-14T11:43:03","modified_gmt":"2026-01-14T10:43:03","slug":"gdpr","status":"publish","type":"page","link":"https:\/\/www.caths.cz\/wordpress\/gdpr\/","title":{"rendered":"GDPR"},"content":{"rendered":"<p><strong>V\u0161eobecn\u00e9 informace o ochran\u011b dat<\/strong>:\u00a0<a href=\"http:\/\/www.caths.cz\/wordpress\/wp-content\/uploads\/2020\/03\/GDPR_V\u0161eobecn\u00e9-informace-o-ochran\u011b-dat_\u010cATHS.pdf\">GDPR_V\u0161eobecn\u00e9 informace o ochran\u011b dat_\u010cATHS<\/a><\/p>\n<p>&nbsp;<\/p>\n<p><strong>Informace o zpracov\u00e1n\u00ed osobn\u00edch \u00fadaj\u016f<\/strong>:\u00a0<a href=\"http:\/\/www.caths.cz\/wordpress\/wp-content\/uploads\/2020\/03\/GDPR_Informace-o-zpracov\u00e1n\u00ed-osobn\u00edch-\u00fadaj\u016f-\u010cATHS.pdf\">GDPR_Informace o zpracov\u00e1n\u00ed osobn\u00edch \u00fadaj\u016f \u010cATHS<\/a><\/p>\n<p>&nbsp;<\/p>\n<p><strong>Souhlas se zve\u0159ejn\u011bn\u00edm \u00fadaj\u016f<\/strong> (<em>ned\u00edln\u00e1 \u010d\u00e1st k p\u0159ihl\u00e1\u0161ce \u010dlena \u010cATHS<\/em>):\u00a0<a href=\"http:\/\/www.caths.cz\/wordpress\/wp-content\/uploads\/2020\/03\/GDPR_Souhlas-se-zve\u0159ejn\u011bn\u00edm-\u00fadaj\u016f-\u010cATHS_pdf.pdf\">GDPR_Souhlas se zve\u0159ejn\u011bn\u00edm \u00fadaj\u016f \u010cATHS<\/a><\/p>\n","protected":false},"excerpt":{"rendered":"<a href=\"https:\/\/www.caths.cz\/wordpress\/gdpr\/\"><img loading=\"lazy\" decoding=\"async\" width=\"100\" height=\"100\" src=\"https:\/\/www.caths.cz\/wordpress\/wp-content\/plugins\/thumbnail-for-excerpts\/tfe_no_thumb.png\" class=\"alignleft wp-post-image tfe\" alt=\"\" title=\"\" \/><\/a><p>V\u0161eobecn\u00e9 informace o ochran\u011b dat:\u00a0GDPR_V\u0161eobecn\u00e9 informace o ochran\u011b dat_\u010cATHS &nbsp; Informace o zpracov\u00e1n\u00ed osobn\u00edch \u00fadaj\u016f:\u00a0GDPR_Informace o zpracov\u00e1n\u00ed osobn\u00edch \u00fadaj\u016f \u010cATHS &nbsp; Souhlas se zve\u0159ejn\u011bn\u00edm \u00fadaj\u016f (ned\u00edln\u00e1 \u010d\u00e1st k p\u0159ihl\u00e1\u0161ce \u010dlena [&hellip;]<\/p>\n","protected":false},"author":1,"featured_media":0,"parent":0,"menu_order":10,"comment_status":"closed","ping_status":"closed","template":"","meta":{"ngg_post_thumbnail":0,"footnotes":""},"class_list":["post-28170","page","type-page","status-publish","hentry"],"_links":{"self":[{"href":"https:\/\/www.caths.cz\/wordpress\/wp-json\/wp\/v2\/pages\/28170","targetHints":{"allow":["GET"]}}],"collection":[{"href":"https:\/\/www.caths.cz\/wordpress\/wp-json\/wp\/v2\/pages"}],"about":[{"href":"https:\/\/www.caths.cz\/wordpress\/wp-json\/wp\/v2\/types\/page"}],"author":[{"embeddable":true,"href":"https:\/\/www.caths.cz\/wordpress\/wp-json\/wp\/v2\/users\/1"}],"replies":[{"embeddable":true,"href":"https:\/\/www.caths.cz\/wordpress\/wp-json\/wp\/v2\/comments?post=28170"}],"version-history":[{"count":3,"href":"https:\/\/www.caths.cz\/wordpress\/wp-json\/wp\/v2\/pages\/28170\/revisions"}],"predecessor-version":[{"id":28178,"href":"https:\/\/www.caths.cz\/wordpress\/wp-json\/wp\/v2\/pages\/28170\/revisions\/28178"}],"wp:attachment":[{"href":"https:\/\/www.caths.cz\/wordpress\/wp-json\/wp\/v2\/media?parent=28170"}],"curies":[{"name":"wp","href":"https:\/\/api.w.org\/{rel}","templated":true}]}}