{"id":25341,"date":"2018-02-01T18:21:22","date_gmt":"2018-02-01T17:21:22","guid":{"rendered":"http:\/\/www.caths.cz\/wordpress\/?page_id=25341"},"modified":"2022-03-05T22:22:24","modified_gmt":"2022-03-05T21:22:24","slug":"veslovani","status":"publish","type":"page","link":"https:\/\/www.caths.cz\/wordpress\/sporty\/archiv\/veslovani\/","title":{"rendered":"Veslov\u00e1n\u00ed"},"content":{"rendered":"<p><a href=\"http:\/\/www.caths.cz\/wordpress\/wp-content\/uploads\/2018\/02\/rekordy_-_handicapovani_k_7.12.2019.pdf\">Rekordy &#8211; handicapovan\u00ed vesla\u0159i k 12.2019<\/a><\/p>\n<p>autor: Jana Sm\u00e9kalov\u00e1, 1.CZP Ji\u017en\u00edch \u010cech<\/p>\n","protected":false},"excerpt":{"rendered":"<a href=\"https:\/\/www.caths.cz\/wordpress\/sporty\/archiv\/veslovani\/\"><img loading=\"lazy\" decoding=\"async\" width=\"100\" height=\"100\" src=\"https:\/\/www.caths.cz\/wordpress\/wp-content\/plugins\/thumbnail-for-excerpts\/tfe_no_thumb.png\" class=\"alignleft wp-post-image tfe\" alt=\"\" title=\"\" \/><\/a><p>Rekordy &#8211; handicapovan\u00ed vesla\u0159i k 12.2019 autor: Jana Sm\u00e9kalov\u00e1, 1.CZP Ji\u017en\u00edch \u010cech<\/p>\n","protected":false},"author":1,"featured_media":0,"parent":29646,"menu_order":0,"comment_status":"closed","ping_status":"closed","template":"","meta":{"ngg_post_thumbnail":0,"footnotes":""},"class_list":["post-25341","page","type-page","status-publish","hentry"],"_links":{"self":[{"href":"https:\/\/www.caths.cz\/wordpress\/wp-json\/wp\/v2\/pages\/25341","targetHints":{"allow":["GET"]}}],"collection":[{"href":"https:\/\/www.caths.cz\/wordpress\/wp-json\/wp\/v2\/pages"}],"about":[{"href":"https:\/\/www.caths.cz\/wordpress\/wp-json\/wp\/v2\/types\/page"}],"author":[{"embeddable":true,"href":"https:\/\/www.caths.cz\/wordpress\/wp-json\/wp\/v2\/users\/1"}],"replies":[{"embeddable":true,"href":"https:\/\/www.caths.cz\/wordpress\/wp-json\/wp\/v2\/comments?post=25341"}],"version-history":[{"count":3,"href":"https:\/\/www.caths.cz\/wordpress\/wp-json\/wp\/v2\/pages\/25341\/revisions"}],"predecessor-version":[{"id":27805,"href":"https:\/\/www.caths.cz\/wordpress\/wp-json\/wp\/v2\/pages\/25341\/revisions\/27805"}],"up":[{"embeddable":true,"href":"https:\/\/www.caths.cz\/wordpress\/wp-json\/wp\/v2\/pages\/29646"}],"wp:attachment":[{"href":"https:\/\/www.caths.cz\/wordpress\/wp-json\/wp\/v2\/media?parent=25341"}],"curies":[{"name":"wp","href":"https:\/\/api.w.org\/{rel}","templated":true}]}}