{"id":109,"date":"2014-12-22T19:29:17","date_gmt":"2014-12-22T18:29:17","guid":{"rendered":"http:\/\/www.caths.cz\/wordpress\/?page_id=109"},"modified":"2020-03-25T11:34:05","modified_gmt":"2020-03-25T10:34:05","slug":"clenstvi","status":"publish","type":"page","link":"https:\/\/www.caths.cz\/wordpress\/caths\/clenstvi\/","title":{"rendered":"\u010clenstv\u00ed"},"content":{"rendered":"<p><strong>P\u0159ihl\u00e1\u0161ku ke \u010dlenstv\u00ed v \u010cATHS si m\u016f\u017eete st\u00e1hnout zde:\u00a0<a href=\"http:\/\/www.caths.cz\/wordpress\/wp-content\/uploads\/2014\/12\/registrace_CATHS_2018.pdf\">registrace_CATHS<\/a><\/strong><\/p>\n<p>&nbsp;<\/p>\n<p>Ke ka\u017ed\u00e9 p\u0159ihl\u00e1\u0161ce je ka\u017ed\u00fd nov\u00fd \u010dlen POVINEN zaslat na n\u00ed\u017ee uvedenou adresu tak\u00e9 <strong>souhlas se zpracov\u00e1n\u00ed osobn\u00edch \u00fadaj\u016f (GDPR)<\/strong>. Tento formul\u00e1\u0159 naleznete zde:\u00a0<strong><a href=\"http:\/\/www.caths.cz\/wordpress\/wp-content\/uploads\/2014\/12\/GDPR_Souhlas-se-zve\u0159ejn\u011bn\u00edm-\u00fadaj\u016f-\u010cATHS_pdf.pdf\">GDPR_Souhlas se zve\u0159ejn\u011bn\u00edm \u00fadaj\u016f \u010cATHS_pdf<\/a><\/strong><\/p>\n<p>&nbsp;<\/p>\n<p>P\u0159ihl\u00e1\u0161ky spolu s pasovou fotografi\u00ed zas\u00edlejte na adresu:<\/p>\n<p><strong>\u010cATHS, z.s.<\/strong><br \/>\n<strong> Z\u00e1topkova 100\/2<\/strong><br \/>\n<strong> 160 17, PRAHA 6<\/strong><\/p>\n","protected":false},"excerpt":{"rendered":"<a href=\"https:\/\/www.caths.cz\/wordpress\/caths\/clenstvi\/\"><img loading=\"lazy\" decoding=\"async\" width=\"100\" height=\"100\" src=\"https:\/\/www.caths.cz\/wordpress\/wp-content\/plugins\/thumbnail-for-excerpts\/tfe_no_thumb.png\" class=\"alignleft wp-post-image tfe\" alt=\"\" title=\"\" \/><\/a><p>P\u0159ihl\u00e1\u0161ku ke \u010dlenstv\u00ed v \u010cATHS si m\u016f\u017eete st\u00e1hnout zde:\u00a0registrace_CATHS &nbsp; Ke ka\u017ed\u00e9 p\u0159ihl\u00e1\u0161ce je ka\u017ed\u00fd nov\u00fd \u010dlen POVINEN zaslat na n\u00ed\u017ee uvedenou adresu tak\u00e9 souhlas se zpracov\u00e1n\u00ed osobn\u00edch \u00fadaj\u016f (GDPR). [&hellip;]<\/p>\n","protected":false},"author":1,"featured_media":0,"parent":103,"menu_order":0,"comment_status":"closed","ping_status":"closed","template":"","meta":{"ngg_post_thumbnail":0,"footnotes":""},"class_list":["post-109","page","type-page","status-publish","hentry"],"_links":{"self":[{"href":"https:\/\/www.caths.cz\/wordpress\/wp-json\/wp\/v2\/pages\/109","targetHints":{"allow":["GET"]}}],"collection":[{"href":"https:\/\/www.caths.cz\/wordpress\/wp-json\/wp\/v2\/pages"}],"about":[{"href":"https:\/\/www.caths.cz\/wordpress\/wp-json\/wp\/v2\/types\/page"}],"author":[{"embeddable":true,"href":"https:\/\/www.caths.cz\/wordpress\/wp-json\/wp\/v2\/users\/1"}],"replies":[{"embeddable":true,"href":"https:\/\/www.caths.cz\/wordpress\/wp-json\/wp\/v2\/comments?post=109"}],"version-history":[{"count":9,"href":"https:\/\/www.caths.cz\/wordpress\/wp-json\/wp\/v2\/pages\/109\/revisions"}],"predecessor-version":[{"id":28181,"href":"https:\/\/www.caths.cz\/wordpress\/wp-json\/wp\/v2\/pages\/109\/revisions\/28181"}],"up":[{"embeddable":true,"href":"https:\/\/www.caths.cz\/wordpress\/wp-json\/wp\/v2\/pages\/103"}],"wp:attachment":[{"href":"https:\/\/www.caths.cz\/wordpress\/wp-json\/wp\/v2\/media?parent=109"}],"curies":[{"name":"wp","href":"https:\/\/api.w.org\/{rel}","templated":true}]}}